{"id":20,"date":"2018-09-29T13:59:04","date_gmt":"2018-09-29T12:59:04","guid":{"rendered":"http:\/\/www.kamerorkesttouche.nl\/?page_id=20"},"modified":"2023-11-08T21:07:47","modified_gmt":"2023-11-08T20:07:47","slug":"contact","status":"publish","type":"page","link":"https:\/\/www.kamerorkesttouche.nl\/public_html\/contact\/","title":{"rendered":"contact"},"content":{"rendered":"<h2>Meespelen?<\/h2>\n<p>Speelt u een strijkinstrument op een behoorlijk niveau en bent u nieuwsgierig geworden? Neem dan contact op en bezoek eens een repetitie. Wij zijn bereikbaar op telefoonnummer 06-29710173.<\/p>\n<p>Onze repetities zijn op maandagavond in het Auris college Rotterdam: Malm\u00f6pad 60, Rotterdam.<\/p>\n<h2>Donateur worden?<\/h2>\n<p>Ook dat kan. Via uw bijdrage helpt u niet alleen om de financi\u00eble toekomst van Touch\u00e9 er rooskleuriger te laten uitzien\u2026 u hebt met een jaarlijkse bijdrage van dertig euro ook recht op \u00e9\u00e9n vrij toegangskaartje van \u20ac12,50 voor het voor- en het najaarsconcert (een donateurschap van \u20ac60 of meer geeft recht op twee kosteloze toegangskaartjes). Kortom: een jaarlijkse bijdrage van dertig euro geeft \u00e9\u00e9n vrije toegang per luisterrijk concert en betekent minder financi\u00eble kopzorgen voor het orkest!<\/p>\n\n<div class=\"wpcf7 no-js\" id=\"wpcf7-f33-o1\" lang=\"nl-NL\" dir=\"ltr\" data-wpcf7-id=\"33\">\n<div class=\"screen-reader-response\"><p role=\"status\" aria-live=\"polite\" aria-atomic=\"true\"><\/p> <ul><\/ul><\/div>\n<form action=\"\/public_html\/wp-json\/wp\/v2\/pages\/20#wpcf7-f33-o1\" method=\"post\" class=\"wpcf7-form init\" aria-label=\"Contactformulier\" novalidate=\"novalidate\" data-status=\"init\">\n<fieldset class=\"hidden-fields-container\"><input type=\"hidden\" name=\"_wpcf7\" value=\"33\" \/><input type=\"hidden\" name=\"_wpcf7_version\" value=\"6.1.5\" \/><input type=\"hidden\" name=\"_wpcf7_locale\" value=\"nl_NL_formal\" \/><input type=\"hidden\" name=\"_wpcf7_unit_tag\" value=\"wpcf7-f33-o1\" \/><input type=\"hidden\" name=\"_wpcf7_container_post\" value=\"0\" \/><input type=\"hidden\" name=\"_wpcf7_posted_data_hash\" value=\"\" \/><input type=\"hidden\" name=\"_wpcf7_recaptcha_response\" value=\"\" \/>\n<\/fieldset>\n<p><label> je naam: (required)<br \/>\n<span class=\"wpcf7-form-control-wrap\" data-name=\"your-name\"><input size=\"40\" maxlength=\"400\" class=\"wpcf7-form-control wpcf7-text wpcf7-validates-as-required\" aria-required=\"true\" aria-invalid=\"false\" value=\"\" type=\"text\" name=\"your-name\" \/><\/span> <\/label>\n<\/p>\n<p><label> email-adres: (required)<br \/>\n<span class=\"wpcf7-form-control-wrap\" data-name=\"your-email\"><input size=\"40\" maxlength=\"400\" class=\"wpcf7-form-control wpcf7-email wpcf7-validates-as-required wpcf7-text wpcf7-validates-as-email\" aria-required=\"true\" aria-invalid=\"false\" value=\"\" type=\"email\" name=\"your-email\" \/><\/span> <\/label>\n<\/p>\n<p><label> onderwerp<br \/>\n<span class=\"wpcf7-form-control-wrap\" data-name=\"your-subject\"><input size=\"40\" maxlength=\"400\" class=\"wpcf7-form-control wpcf7-text\" aria-invalid=\"false\" value=\"\" type=\"text\" name=\"your-subject\" \/><\/span> <\/label>\n<\/p>\n<p><label> vraag of boodschap<br \/>\n<span class=\"wpcf7-form-control-wrap\" data-name=\"your-message\"><textarea cols=\"40\" rows=\"10\" maxlength=\"2000\" class=\"wpcf7-form-control wpcf7-textarea\" aria-invalid=\"false\" name=\"your-message\"><\/textarea><\/span> <\/label>\n<\/p>\n<p><input class=\"wpcf7-form-control wpcf7-submit has-spinner\" type=\"submit\" value=\"Send\" \/>\n<\/p><p style=\"display: none !important;\" class=\"akismet-fields-container\" data-prefix=\"_wpcf7_ak_\"><label>&#916;<textarea name=\"_wpcf7_ak_hp_textarea\" cols=\"45\" rows=\"8\" maxlength=\"100\"><\/textarea><\/label><input type=\"hidden\" id=\"ak_js_1\" name=\"_wpcf7_ak_js\" value=\"109\"\/><script>document.getElementById( \"ak_js_1\" ).setAttribute( \"value\", ( new Date() ).getTime() );<\/script><\/p><div class=\"wpcf7-response-output\" aria-hidden=\"true\"><\/div>\n<\/form>\n<\/div>\n\n","protected":false},"excerpt":{"rendered":"<p>Meespelen? Speelt u een strijkinstrument op een behoorlijk niveau en bent u nieuwsgierig geworden? Neem dan contact op en bezoek eens een repetitie. Wij zijn bereikbaar op telefoonnummer 06-29710173. Onze repetities zijn op maandagavond in het Auris college Rotterdam: Malm\u00f6pad 60, Rotterdam. Donateur worden? Ook dat kan. Via uw bijdrage helpt u niet alleen om&#8230;<\/p>\n","protected":false},"author":1,"featured_media":0,"parent":0,"menu_order":0,"comment_status":"closed","ping_status":"closed","template":"","meta":{"_crdt_document":"","footnotes":""},"class_list":["post-20","page","type-page","status-publish","hentry"],"_links":{"self":[{"href":"https:\/\/www.kamerorkesttouche.nl\/public_html\/wp-json\/wp\/v2\/pages\/20","targetHints":{"allow":["GET"]}}],"collection":[{"href":"https:\/\/www.kamerorkesttouche.nl\/public_html\/wp-json\/wp\/v2\/pages"}],"about":[{"href":"https:\/\/www.kamerorkesttouche.nl\/public_html\/wp-json\/wp\/v2\/types\/page"}],"author":[{"embeddable":true,"href":"https:\/\/www.kamerorkesttouche.nl\/public_html\/wp-json\/wp\/v2\/users\/1"}],"replies":[{"embeddable":true,"href":"https:\/\/www.kamerorkesttouche.nl\/public_html\/wp-json\/wp\/v2\/comments?post=20"}],"version-history":[{"count":6,"href":"https:\/\/www.kamerorkesttouche.nl\/public_html\/wp-json\/wp\/v2\/pages\/20\/revisions"}],"predecessor-version":[{"id":400,"href":"https:\/\/www.kamerorkesttouche.nl\/public_html\/wp-json\/wp\/v2\/pages\/20\/revisions\/400"}],"wp:attachment":[{"href":"https:\/\/www.kamerorkesttouche.nl\/public_html\/wp-json\/wp\/v2\/media?parent=20"}],"curies":[{"name":"wp","href":"https:\/\/api.w.org\/{rel}","templated":true}]}}